{"id":154,"date":"2021-10-07T13:53:40","date_gmt":"2021-10-07T10:53:40","guid":{"rendered":"https:\/\/svt.ro\/t-sense\/?page_id=154"},"modified":"2021-10-08T16:10:10","modified_gmt":"2021-10-08T13:10:10","slug":"adatvedelmi-iranyelvek","status":"publish","type":"page","link":"https:\/\/svt.ro\/t-sense\/hu\/adatvedelmi-iranyelvek\/","title":{"rendered":"Adatv\u00e9delmi ir\u00e1nyelvek"},"content":{"rendered":"<h2>Kik vagyunk?<\/h2>\n<p>Weboldalunk c\u00edme: https:\/\/t-sense.io.<\/p>\n<h2>Milyen szem\u00e9lyes adatokat gy\u0171jt\u00fcnk \u00e9s mi\u00e9rt gy\u0171jtj\u00fck ezeket?<\/h2>\n<h3><strong>Hozz\u00e1sz\u00f3l\u00e1sok<\/strong><\/h3>\n<p>Amikor a l\u00e1togat\u00f3k hozz\u00e1sz\u00f3l\u00e1sokat tesznek k\u00f6zz\u00e9 a weboldalon, a megjegyz\u00e9sek \u0171rlapj\u00e1n megjelen\u00edtett adatokat gy\u0171jtj\u00fck, valamint a l\u00e1togat\u00f3 IP-c\u00edm\u00e9t \u00e9s a b\u00f6ng\u00e9sz\u0151 felhaszn\u00e1l\u00f3i \u00fcgyn\u00f6k karakterl\u00e1nc\u00e1t, a spam \u00e9szlel\u00e9s\u00e9nek el\u0151seg\u00edt\u00e9se \u00e9rdek\u00e9ben.<\/p>\n<p>Az \u00d6n e-mail c\u00edm\u00e9b\u0151l l\u00e9trehozott n\u00e9vtelen\u00edtett (hash-k\u00e9nt is nevezett) karakterl\u00e1ncot a Gravatar-szolg\u00e1ltat\u00e1shoz k\u00fcldhetj\u00fcnk, hogy ellen\u0151rizz\u00fck haszn\u00e1lja-e ezt.\u00a0 A Gravatar szolg\u00e1ltat\u00e1s adatv\u00e9delmi ir\u00e1nyelveit itt tal\u00e1lja (az inform\u00e1ci\u00f3 angol nyelven \u00e9rhet\u0151 el-n.t.): https:\/\/automattic.com\/privacy\/. A hozz\u00e1sz\u00f3l\u00e1sok enged\u00e9lyez\u00e9se ut\u00e1n a profilk\u00e9pe a nyilv\u00e1noss\u00e1g sz\u00e1m\u00e1ra l\u00e1that\u00f3v\u00e1 v\u00e1lik, megjegyz\u00e9se kontextus\u00e1ban.<\/p>\n<h3><strong>M\u00e9dia<\/strong><\/h3>\n<p>Ha k\u00e9peket t\u00f6lt fel a weboldara, ker\u00fclnie kell az olyan k\u00e9pek felt\u00f6t\u00e9s\u00e9t amelyek be\u00e1gyazott helymeghat\u00e1roz\u00f3 adatokat (EXIF GPS) tartalmaznak. A weboldal l\u00e1togat\u00f3i b\u00e1rmilyen helymeghat\u00e1roz\u00f3 adatot le tudnak t\u00f6lteni, illetve ki tudnak sz\u0171rni a weboldalon tal\u00e1lhat\u00f3 k\u00e9pekb\u0151l.<\/p>\n<h3><strong>Kapcsolatfelv\u00e9teli \u0171rlapok<\/strong><\/h3>\n<h3><strong>Cookie f\u00e1jlok<\/strong><\/h3>\n<p>Amennyiben hozz\u00e1sz\u00f3l\u00e1sokat tesz k\u00f6zz\u00e9 weboldalunkon, nev\u00e9nek, e-mail c\u00edm\u00e9nek \u00e9s honlapj\u00e1nak ment\u00e9s\u00e9t v\u00e1laszthatja cookie f\u00e1jlokon kereszt\u00fcl. Ezek az \u00d6n k\u00e9nyelm\u00e9t szolg\u00e1lj\u00e1k, hogy ne keljen \u00fajb\u00f3l kit\u00f6ltenie adatait minden \u00fajabb hozz\u00e1sz\u00f3l\u00e1s alkalm\u00e1b\u00f3l. Ezek a cookie f\u00e1jlok egy \u00e9vig \u00e9rv\u00e9nyesek.<\/p>\n<p>Ha bejelentkez\u00e9si oldalunkra l\u00e1togat, egy id\u00e9glenes cookie f\u00e1jlon kereszt\u00fcl \u00e1llap\u00edtjuk meg, hogy b\u00f6ng\u00e9sz\u0151je elfogadja-e a cookie f\u00e1jlokat. Ez a cookie f\u00e1jl nem tartalmaz szem\u00e9lyes adatokat \u00e9s t\u00f6rl\u0151dik a b\u00f6ng\u00e9sz\u0151 bez\u00e1r\u00e1sakor.<\/p>\n<p>Bejelelentkez\u00e9skor t\u00f6bb cookie f\u00e1jlt is haszn\u00e1lunk a bejelentkez\u00e9si inform\u00e1ci\u00f3 valamint a k\u00e9perny\u0151 megjelen\u00edt\u00e9si lehet\u0151s\u00e9geinek ment\u00e9se \u00e9rdek\u00e9ben. A bejelentkez\u00e9si cookie f\u00e1jlok k\u00e9t napig \u00e9rv\u00e9nyesek, a k\u00e9perny\u0151 megjelen\u00edt\u00e9si lehet\u0151s\u00e9geivel kapcsolatos cookie f\u00e1jlok pedig egy \u00e9vig. Ha az \u201cEml\u00e9kezz r\u00e1m\u201d opci\u00f3t v\u00e1lassza, bejelentkez\u00e9si neve k\u00e9t h\u00e9tig marad fenn. Ha kijelentkezik fi\u00f3kj\u00e1b\u00f3l, a bejel\u00e9entkez\u00e9si cookie f\u00e1jlok t\u00f6rl\u0151dnek.<\/p>\n<p>Ha cikket szerkeszt vagy k\u00f6zz\u00e9tesz, egy tov\u00e1bbi cookie f\u00e1jl ment\u0151dik a b\u00f6ng\u00e9sz\u0151j\u00e9be. Ez ut\u00f3bbi nem tartalmaz szem\u00e9lyes adatokat, hanem egyszer\u00fcen a szerkesztett cikk megoszt\u00e1si azonos\u00edt\u00f3j\u00e1t jelzi. 1 nap ut\u00e1n elavul.<\/p>\n<h3><strong>M\u00e1s weboldalakr\u00f3l be\u00e1gyazott tartalom<\/strong><\/h3>\n<p>Ezen a weboldalon tal\u00e1lhat\u00f3 cikkek tartalmazhatnak be\u00e1gyazott anyagot (pl. vide\u00f3k, k\u00e9pek, cikkek stb.). A m\u00e1s oldalakr\u00f3l be\u00e1gyazott tartalom ugyan\u00fagy viselkedik mintha a l\u00e1togat\u00f3 a m\u00e1sik weboldalakat l\u00e1togatn\u00e1.<\/p>\n<p>Ezek a weboldalak gy\u0171jthetnek adatokat \u00d6n-r\u0151l, haszn\u00e1lhatnak cookie f\u00e1jlokat, be\u00e1gyazhatnak harmadik f\u00e9l \u00e1ltali visszavezet\u00e9st \u00e9s figyelhetik e be\u00e1gyazott tartalommal val\u00f3 interakci\u00f3j\u00e1t, bele\u00e9rtve ez ut\u00f3bb be\u00e1gyazott tartalommal val\u00f3 interakci\u00f3j\u00e1nak visszavezet\u00e9s\u00e9t, amennyiben az adott oldalon fi\u00f3kja van \u00e9s be van oda jelentkezve.<\/p>\n<h3><strong>Analitika<\/strong><\/h3>\n<h2>Kivel osztjuk meg adatait?<\/h2>\n<h2>Meddig tartjuk meg adatait?<\/h2>\n<p>Amennyiben hozz\u00e1sz\u00f3l\u00e1st tesz k\u00f6zz\u00e9, a hozz\u00e1sz\u00f3l\u00e1s \u00e9s a kapcsol\u00f3d\u00f3 metaadatok v\u00e9gtelen\u00fcl fennmaradnak. Ez az\u00e9rt van, hogy az ut\u00f3lagos hozz\u00e1sz\u00f3l\u00e1sokat automatikusan felismerj\u00fck \u00e9s enged\u00e9lyezz\u00fck, ahelyett, hogy ezek egy moder\u00e1l\u00e1si sorba ker\u00fcljenek.<\/p>\n<p>A weboldalunkra regiszr\u00e1l\u00f3 felhaszn\u00e1l\u00f3k r\u00e9sz\u00e9re (ha van ilyen), a felhaszn\u00e1l\u00f3i profil keret\u00e9ben megadott szem\u00e9lyes adatokat is r\u00f6gz\u00edtj\u00fck. Minden felhaszn\u00e1l\u00f3 b\u00e1rmikor megtekintheti, szerkesztheti \u00e9s t\u00f6r\u00f6lheti saj\u00e1t szem\u00e9lyes inform\u00e1ci\u00f3j\u00e1t (kiv\u00e9tel az, hogy nem lehet megv\u00e1ltoztatni felhaszn\u00e1l\u00f3i nev\u00fcket). A weboldal rendszergazd\u00e1i szint\u00e9n megtekinthetik \u00e9s szerkeszthetik ezt az inform\u00e1ci\u00f3t.<\/p>\n<h2>Milyen jogai vannak adataival kapcsolatosan?<\/h2>\n<p>Amennyiben fi\u00f3kja van ezen a weboldalon, vagy hozz\u00e1sz\u00f3l\u00e1sokat tett k\u00f6zz\u00e9, egy export\u00e1lt f\u00e1jlt ig\u00e9nyelhet az \u00d6n-r\u0151l \u00e1ltalunk fenntartott szem\u00e9lyes adatokr\u00f3l, bele\u00e9rtve azokat az adatokat is amelyeket \u00d6n adott meg r\u00e9sz\u00fcnkre. Szint\u00e9n ig\u00e9nyelheti az \u00d6n-r\u0151l \u00e1ltalunk fenntartott \u00f6sszes szem\u00e9lyes adatok t\u00f6rl\u00e9s\u00e9t. Ez nem tartalmazza azokat az adatokat amelyeket adminisztrat\u00edv, jogi vagy biztons\u00e1gi c\u00e9lb\u00f3l kell fenntartanunk.<\/p>\n<h2>Hov\u00e1 k\u00fcldj\u00fck adatait?<\/h2>\n<p>A l\u00e1togat\u00f3i hozz\u00e1sz\u00f3l\u00e1sokat egy automatiz\u00e1lt spam \u00e9szlel\u0151 szolg\u00e1ltat\u00e1s seg\u00edts\u00e9g\u00e9vel ellen\u0151rizhetjuk.<\/p>\n<h2>Kapcsolatfelv\u00e9teli adatai<\/h2>\n<h2>Tov\u00e1bbi inform\u00e1ci\u00f3<\/h2>\n<h3><strong>Hogyan v\u00e9djuk adatait?<\/strong><\/h3>\n<h3><strong>Milyen adatv\u00e9delmi elj\u00e1r\u00e1sokat alkalmazunk?<\/strong><\/h3>\n<h3><strong>Milyen harmadik felekt\u0151l kapunk adatokat?<\/strong><\/h3>\n<h3><strong>Milyen automatiz\u00e1lt d\u00f6nt\u00e9shozatalt \u00e9s \/ vagy profilalkot\u00e1st v\u00e9gz\u00fcnk a felhaszn\u00e1l\u00f3i adatokkal\u00a0<\/strong><\/h3>\n<h3><strong>Ipari\u00e1gat szab\u00e1lyoz\u00f3 k\u00f6zz\u00e9t\u00e9teli k\u00f6vetelm\u00e9nyek<\/strong><\/h3>\n","protected":false},"excerpt":{"rendered":"<p>Kik vagyunk? Weboldalunk c\u00edme: https:\/\/t-sense.io. Milyen szem\u00e9lyes adatokat gy\u0171jt\u00fcnk \u00e9s mi\u00e9rt gy\u0171jtj\u00fck ezeket? Hozz\u00e1sz\u00f3l\u00e1sok Amikor a l\u00e1togat\u00f3k hozz\u00e1sz\u00f3l\u00e1sokat tesznek k\u00f6zz\u00e9 a weboldalon, a megjegyz\u00e9sek \u0171rlapj\u00e1n megjelen\u00edtett adatokat gy\u0171jtj\u00fck, valamint a\u2026<\/p>\n","protected":false},"author":1,"featured_media":0,"parent":160,"menu_order":0,"comment_status":"closed","ping_status":"closed","template":"","meta":[],"acf":[],"yoast_head":"<!-- This site is optimized with the Yoast SEO plugin v19.6.1 - https:\/\/yoast.com\/wordpress\/plugins\/seo\/ -->\n<title>Adatv\u00e9delmi ir\u00e1nyelvek - TSense<\/title>\n<meta name=\"robots\" content=\"noindex, follow, max-snippet:-1, max-image-preview:large, max-video-preview:-1\" \/>\n<meta property=\"og:locale\" content=\"en_US\" \/>\n<meta property=\"og:type\" content=\"article\" \/>\n<meta property=\"og:title\" content=\"Adatv\u00e9delmi ir\u00e1nyelvek - TSense\" \/>\n<meta property=\"og:description\" content=\"Kik vagyunk? Weboldalunk c\u00edme: https:\/\/t-sense.io. Milyen szem\u00e9lyes adatokat gy\u0171jt\u00fcnk \u00e9s mi\u00e9rt gy\u0171jtj\u00fck ezeket? Hozz\u00e1sz\u00f3l\u00e1sok Amikor a l\u00e1togat\u00f3k hozz\u00e1sz\u00f3l\u00e1sokat tesznek k\u00f6zz\u00e9 a weboldalon, a megjegyz\u00e9sek \u0171rlapj\u00e1n megjelen\u00edtett adatokat gy\u0171jtj\u00fck, valamint a\u2026\" \/>\n<meta property=\"og:url\" content=\"https:\/\/svt.ro\/t-sense\/hu\/adatvedelmi-iranyelvek\/\" \/>\n<meta property=\"og:site_name\" content=\"TSense\" \/>\n<meta property=\"article:modified_time\" content=\"2021-10-08T13:10:10+00:00\" \/>\n<meta name=\"twitter:card\" content=\"summary_large_image\" \/>\n<meta name=\"twitter:label1\" content=\"Est. reading time\" \/>\n\t<meta name=\"twitter:data1\" content=\"3 minutes\" \/>\n<script type=\"application\/ld+json\" class=\"yoast-schema-graph\">{\"@context\":\"https:\/\/schema.org\",\"@graph\":[{\"@type\":\"WebPage\",\"@id\":\"https:\/\/svt.ro\/t-sense\/hu\/adatvedelmi-iranyelvek\/\",\"url\":\"https:\/\/svt.ro\/t-sense\/hu\/adatvedelmi-iranyelvek\/\",\"name\":\"Adatv\u00e9delmi ir\u00e1nyelvek - TSense\",\"isPartOf\":{\"@id\":\"https:\/\/svt.ro\/t-sense\/#website\"},\"datePublished\":\"2021-10-07T10:53:40+00:00\",\"dateModified\":\"2021-10-08T13:10:10+00:00\",\"breadcrumb\":{\"@id\":\"https:\/\/svt.ro\/t-sense\/hu\/adatvedelmi-iranyelvek\/#breadcrumb\"},\"inLanguage\":\"en-US\",\"potentialAction\":[{\"@type\":\"ReadAction\",\"target\":[\"https:\/\/svt.ro\/t-sense\/hu\/adatvedelmi-iranyelvek\/\"]}]},{\"@type\":\"BreadcrumbList\",\"@id\":\"https:\/\/svt.ro\/t-sense\/hu\/adatvedelmi-iranyelvek\/#breadcrumb\",\"itemListElement\":[{\"@type\":\"ListItem\",\"position\":1,\"name\":\"Home\",\"item\":\"https:\/\/svt.ro\/t-sense\/\"},{\"@type\":\"ListItem\",\"position\":2,\"name\":\"F\u0151oldal\",\"item\":\"https:\/\/svt.ro\/t-sense\/hu\/\"},{\"@type\":\"ListItem\",\"position\":3,\"name\":\"Adatv\u00e9delmi ir\u00e1nyelvek\"}]},{\"@type\":\"WebSite\",\"@id\":\"https:\/\/svt.ro\/t-sense\/#website\",\"url\":\"https:\/\/svt.ro\/t-sense\/\",\"name\":\"TSense\",\"description\":\"\",\"potentialAction\":[{\"@type\":\"SearchAction\",\"target\":{\"@type\":\"EntryPoint\",\"urlTemplate\":\"https:\/\/svt.ro\/t-sense\/?s={search_term_string}\"},\"query-input\":\"required name=search_term_string\"}],\"inLanguage\":\"en-US\"}]}<\/script>\n<!-- \/ Yoast SEO plugin. -->","yoast_head_json":{"title":"Adatv\u00e9delmi ir\u00e1nyelvek - TSense","robots":{"index":"noindex","follow":"follow","max-snippet":"max-snippet:-1","max-image-preview":"max-image-preview:large","max-video-preview":"max-video-preview:-1"},"og_locale":"en_US","og_type":"article","og_title":"Adatv\u00e9delmi ir\u00e1nyelvek - TSense","og_description":"Kik vagyunk? Weboldalunk c\u00edme: https:\/\/t-sense.io. Milyen szem\u00e9lyes adatokat gy\u0171jt\u00fcnk \u00e9s mi\u00e9rt gy\u0171jtj\u00fck ezeket? Hozz\u00e1sz\u00f3l\u00e1sok Amikor a l\u00e1togat\u00f3k hozz\u00e1sz\u00f3l\u00e1sokat tesznek k\u00f6zz\u00e9 a weboldalon, a megjegyz\u00e9sek \u0171rlapj\u00e1n megjelen\u00edtett adatokat gy\u0171jtj\u00fck, valamint a\u2026","og_url":"https:\/\/svt.ro\/t-sense\/hu\/adatvedelmi-iranyelvek\/","og_site_name":"TSense","article_modified_time":"2021-10-08T13:10:10+00:00","twitter_card":"summary_large_image","twitter_misc":{"Est. reading time":"3 minutes"},"schema":{"@context":"https:\/\/schema.org","@graph":[{"@type":"WebPage","@id":"https:\/\/svt.ro\/t-sense\/hu\/adatvedelmi-iranyelvek\/","url":"https:\/\/svt.ro\/t-sense\/hu\/adatvedelmi-iranyelvek\/","name":"Adatv\u00e9delmi ir\u00e1nyelvek - TSense","isPartOf":{"@id":"https:\/\/svt.ro\/t-sense\/#website"},"datePublished":"2021-10-07T10:53:40+00:00","dateModified":"2021-10-08T13:10:10+00:00","breadcrumb":{"@id":"https:\/\/svt.ro\/t-sense\/hu\/adatvedelmi-iranyelvek\/#breadcrumb"},"inLanguage":"en-US","potentialAction":[{"@type":"ReadAction","target":["https:\/\/svt.ro\/t-sense\/hu\/adatvedelmi-iranyelvek\/"]}]},{"@type":"BreadcrumbList","@id":"https:\/\/svt.ro\/t-sense\/hu\/adatvedelmi-iranyelvek\/#breadcrumb","itemListElement":[{"@type":"ListItem","position":1,"name":"Home","item":"https:\/\/svt.ro\/t-sense\/"},{"@type":"ListItem","position":2,"name":"F\u0151oldal","item":"https:\/\/svt.ro\/t-sense\/hu\/"},{"@type":"ListItem","position":3,"name":"Adatv\u00e9delmi ir\u00e1nyelvek"}]},{"@type":"WebSite","@id":"https:\/\/svt.ro\/t-sense\/#website","url":"https:\/\/svt.ro\/t-sense\/","name":"TSense","description":"","potentialAction":[{"@type":"SearchAction","target":{"@type":"EntryPoint","urlTemplate":"https:\/\/svt.ro\/t-sense\/?s={search_term_string}"},"query-input":"required name=search_term_string"}],"inLanguage":"en-US"}]}},"_links":{"self":[{"href":"https:\/\/svt.ro\/t-sense\/wp-json\/wp\/v2\/pages\/154"}],"collection":[{"href":"https:\/\/svt.ro\/t-sense\/wp-json\/wp\/v2\/pages"}],"about":[{"href":"https:\/\/svt.ro\/t-sense\/wp-json\/wp\/v2\/types\/page"}],"author":[{"embeddable":true,"href":"https:\/\/svt.ro\/t-sense\/wp-json\/wp\/v2\/users\/1"}],"replies":[{"embeddable":true,"href":"https:\/\/svt.ro\/t-sense\/wp-json\/wp\/v2\/comments?post=154"}],"version-history":[{"count":2,"href":"https:\/\/svt.ro\/t-sense\/wp-json\/wp\/v2\/pages\/154\/revisions"}],"predecessor-version":[{"id":252,"href":"https:\/\/svt.ro\/t-sense\/wp-json\/wp\/v2\/pages\/154\/revisions\/252"}],"up":[{"embeddable":true,"href":"https:\/\/svt.ro\/t-sense\/wp-json\/wp\/v2\/pages\/160"}],"wp:attachment":[{"href":"https:\/\/svt.ro\/t-sense\/wp-json\/wp\/v2\/media?parent=154"}],"curies":[{"name":"wp","href":"https:\/\/api.w.org\/{rel}","templated":true}]}}