{"id":136,"date":"2021-10-07T15:43:31","date_gmt":"2021-10-07T12:43:31","guid":{"rendered":"https:\/\/svt.ro\/svtlight\/?page_id=136"},"modified":"2021-10-07T15:43:31","modified_gmt":"2021-10-07T12:43:31","slug":"felhasznalasi-feltetelek","status":"publish","type":"page","link":"https:\/\/svt.ro\/svtlight\/hu\/felhasznalasi-feltetelek\/","title":{"rendered":"Felhaszn\u00e1l\u00e1si felt\u00e9telek"},"content":{"rendered":"","protected":false},"excerpt":{"rendered":"","protected":false},"author":1,"featured_media":0,"parent":112,"menu_order":0,"comment_status":"closed","ping_status":"closed","template":"","meta":[],"acf":[],"yoast_head":"<!-- This site is optimized with the Yoast SEO plugin v19.6.1 - https:\/\/yoast.com\/wordpress\/plugins\/seo\/ -->\n<title>Felhaszn\u00e1l\u00e1si felt\u00e9telek - SVT Light<\/title>\n<meta name=\"robots\" content=\"noindex, follow, max-snippet:-1, max-image-preview:large, max-video-preview:-1\" \/>\n<meta property=\"og:locale\" content=\"en_US\" \/>\n<meta property=\"og:type\" content=\"article\" \/>\n<meta property=\"og:title\" content=\"Felhaszn\u00e1l\u00e1si felt\u00e9telek - SVT Light\" \/>\n<meta property=\"og:url\" content=\"https:\/\/svt.ro\/svtlight\/hu\/felhasznalasi-feltetelek\/\" \/>\n<meta property=\"og:site_name\" content=\"SVT Light\" \/>\n<meta name=\"twitter:card\" content=\"summary_large_image\" \/>\n<script type=\"application\/ld+json\" class=\"yoast-schema-graph\">{\"@context\":\"https:\/\/schema.org\",\"@graph\":[{\"@type\":\"WebPage\",\"@id\":\"https:\/\/svt.ro\/svtlight\/hu\/felhasznalasi-feltetelek\/\",\"url\":\"https:\/\/svt.ro\/svtlight\/hu\/felhasznalasi-feltetelek\/\",\"name\":\"Felhaszn\u00e1l\u00e1si felt\u00e9telek - SVT Light\",\"isPartOf\":{\"@id\":\"https:\/\/svt.ro\/svtlight\/#website\"},\"datePublished\":\"2021-10-07T12:43:31+00:00\",\"dateModified\":\"2021-10-07T12:43:31+00:00\",\"breadcrumb\":{\"@id\":\"https:\/\/svt.ro\/svtlight\/hu\/felhasznalasi-feltetelek\/#breadcrumb\"},\"inLanguage\":\"en-US\",\"potentialAction\":[{\"@type\":\"ReadAction\",\"target\":[\"https:\/\/svt.ro\/svtlight\/hu\/felhasznalasi-feltetelek\/\"]}]},{\"@type\":\"BreadcrumbList\",\"@id\":\"https:\/\/svt.ro\/svtlight\/hu\/felhasznalasi-feltetelek\/#breadcrumb\",\"itemListElement\":[{\"@type\":\"ListItem\",\"position\":1,\"name\":\"Home\",\"item\":\"https:\/\/svt.ro\/svtlight\/\"},{\"@type\":\"ListItem\",\"position\":2,\"name\":\"F\u0151oldal\",\"item\":\"https:\/\/svt.ro\/svtlight\/hu\/\"},{\"@type\":\"ListItem\",\"position\":3,\"name\":\"Felhaszn\u00e1l\u00e1si felt\u00e9telek\"}]},{\"@type\":\"WebSite\",\"@id\":\"https:\/\/svt.ro\/svtlight\/#website\",\"url\":\"https:\/\/svt.ro\/svtlight\/\",\"name\":\"SVT Light\",\"description\":\"\",\"potentialAction\":[{\"@type\":\"SearchAction\",\"target\":{\"@type\":\"EntryPoint\",\"urlTemplate\":\"https:\/\/svt.ro\/svtlight\/?s={search_term_string}\"},\"query-input\":\"required name=search_term_string\"}],\"inLanguage\":\"en-US\"}]}<\/script>\n<!-- \/ Yoast SEO plugin. -->","yoast_head_json":{"title":"Felhaszn\u00e1l\u00e1si felt\u00e9telek - SVT Light","robots":{"index":"noindex","follow":"follow","max-snippet":"max-snippet:-1","max-image-preview":"max-image-preview:large","max-video-preview":"max-video-preview:-1"},"og_locale":"en_US","og_type":"article","og_title":"Felhaszn\u00e1l\u00e1si felt\u00e9telek - SVT Light","og_url":"https:\/\/svt.ro\/svtlight\/hu\/felhasznalasi-feltetelek\/","og_site_name":"SVT Light","twitter_card":"summary_large_image","schema":{"@context":"https:\/\/schema.org","@graph":[{"@type":"WebPage","@id":"https:\/\/svt.ro\/svtlight\/hu\/felhasznalasi-feltetelek\/","url":"https:\/\/svt.ro\/svtlight\/hu\/felhasznalasi-feltetelek\/","name":"Felhaszn\u00e1l\u00e1si felt\u00e9telek - SVT Light","isPartOf":{"@id":"https:\/\/svt.ro\/svtlight\/#website"},"datePublished":"2021-10-07T12:43:31+00:00","dateModified":"2021-10-07T12:43:31+00:00","breadcrumb":{"@id":"https:\/\/svt.ro\/svtlight\/hu\/felhasznalasi-feltetelek\/#breadcrumb"},"inLanguage":"en-US","potentialAction":[{"@type":"ReadAction","target":["https:\/\/svt.ro\/svtlight\/hu\/felhasznalasi-feltetelek\/"]}]},{"@type":"BreadcrumbList","@id":"https:\/\/svt.ro\/svtlight\/hu\/felhasznalasi-feltetelek\/#breadcrumb","itemListElement":[{"@type":"ListItem","position":1,"name":"Home","item":"https:\/\/svt.ro\/svtlight\/"},{"@type":"ListItem","position":2,"name":"F\u0151oldal","item":"https:\/\/svt.ro\/svtlight\/hu\/"},{"@type":"ListItem","position":3,"name":"Felhaszn\u00e1l\u00e1si felt\u00e9telek"}]},{"@type":"WebSite","@id":"https:\/\/svt.ro\/svtlight\/#website","url":"https:\/\/svt.ro\/svtlight\/","name":"SVT Light","description":"","potentialAction":[{"@type":"SearchAction","target":{"@type":"EntryPoint","urlTemplate":"https:\/\/svt.ro\/svtlight\/?s={search_term_string}"},"query-input":"required name=search_term_string"}],"inLanguage":"en-US"}]}},"_links":{"self":[{"href":"https:\/\/svt.ro\/svtlight\/wp-json\/wp\/v2\/pages\/136"}],"collection":[{"href":"https:\/\/svt.ro\/svtlight\/wp-json\/wp\/v2\/pages"}],"about":[{"href":"https:\/\/svt.ro\/svtlight\/wp-json\/wp\/v2\/types\/page"}],"author":[{"embeddable":true,"href":"https:\/\/svt.ro\/svtlight\/wp-json\/wp\/v2\/users\/1"}],"replies":[{"embeddable":true,"href":"https:\/\/svt.ro\/svtlight\/wp-json\/wp\/v2\/comments?post=136"}],"version-history":[{"count":1,"href":"https:\/\/svt.ro\/svtlight\/wp-json\/wp\/v2\/pages\/136\/revisions"}],"predecessor-version":[{"id":137,"href":"https:\/\/svt.ro\/svtlight\/wp-json\/wp\/v2\/pages\/136\/revisions\/137"}],"up":[{"embeddable":true,"href":"https:\/\/svt.ro\/svtlight\/wp-json\/wp\/v2\/pages\/112"}],"wp:attachment":[{"href":"https:\/\/svt.ro\/svtlight\/wp-json\/wp\/v2\/media?parent=136"}],"curies":[{"name":"wp","href":"https:\/\/api.w.org\/{rel}","templated":true}]}}