{"id":134,"date":"2021-10-07T15:43:24","date_gmt":"2021-10-07T12:43:24","guid":{"rendered":"https:\/\/svt.ro\/svtlight\/?page_id=134"},"modified":"2021-10-13T08:35:34","modified_gmt":"2021-10-13T05:35:34","slug":"termeni-si-conditii","status":"publish","type":"page","link":"https:\/\/svt.ro\/svtlight\/ro\/termeni-si-conditii\/","title":{"rendered":"Termeni \u0219i condi\u021bii"},"content":{"rendered":"<section class=\"elementor-section elementor-top-section elementor-element elementor-element-c9e9084 elementor-section-boxed elementor-section-height-default elementor-section-height-default\" data-id=\"c9e9084\" data-element_type=\"section\">\n<div class=\"elementor-container elementor-column-gap-default\">\n<div class=\"elementor-row\">\n<div class=\"elementor-column elementor-col-100 elementor-top-column elementor-element elementor-element-21c1a53\" data-id=\"21c1a53\" data-element_type=\"column\">\n<div class=\"elementor-column-wrap elementor-element-populated\">\n<div class=\"elementor-widget-wrap\">\n<div class=\"elementor-element elementor-element-9c560ce elementor-widget elementor-widget-heading\" data-id=\"9c560ce\" data-element_type=\"widget\" data-widget_type=\"heading.default\">\n<div class=\"elementor-widget-container\">\n<h2 class=\"elementor-heading-title elementor-size-default elementor-heading-title elementor-size-default\"><strong style=\"font-size: 16px;\">1. Prin utilizarea acestui site, sunte\u021bi de acord cu aceste condi\u021bii de utilizare.<\/strong><\/h2>\n<\/div>\n<\/div>\n<\/div>\n<\/div>\n<\/div>\n<\/div>\n<\/div>\n<\/section>\n<section class=\"elementor-section elementor-top-section elementor-element elementor-element-86f1a8b elementor-section-boxed elementor-section-height-default elementor-section-height-default\" data-id=\"86f1a8b\" data-element_type=\"section\">\n<div class=\"elementor-container elementor-column-gap-default\">\n<div class=\"elementor-row\">\n<div class=\"elementor-column elementor-col-100 elementor-top-column elementor-element elementor-element-996d1e4\" data-id=\"996d1e4\" data-element_type=\"column\">\n<div class=\"elementor-column-wrap elementor-element-populated\">\n<div class=\"elementor-widget-wrap\">\n<div class=\"elementor-element elementor-element-299e946 elementor-widget elementor-widget-wp-widget-text\" data-id=\"299e946\" data-element_type=\"widget\" data-widget_type=\"wp-widget-text.default\">\n<div class=\"elementor-widget-container\">\n<div class=\"textwidget\">\n<p>Accesul \u0219i utilizarea acestui Site sunt supuse urm\u0103toarelor condi\u021bii de utilizare \u0219i tuturor legilor \u0219i regulamentelor aplicabile. Daca nu sunte\u021bi de acord sau nu accepta\u021bi, f\u0103r\u0103 limit\u0103ri sau calific\u0103ri, Condi\u021biile de Utilizare ale acestui Site, va rugam sa p\u0103r\u0103si\u021bi acest Site.<\/p>\n<p><strong>2. Proprietatea Con\u021binutului<\/strong><\/p>\n<p>Site-ul \u0219i tot ceea ce cuprinde acesta, incluz\u00e2nd f\u0103r\u0103 limitare toate textele \u0219i imaginile (\u201cCon\u021binut\u201d) care sunt \u00een proprietatea \u0219i sub dreptul de autor (copyright) al INDUSTRILIGHT SRL sau al altora cu toate drepturile rezervate cu excep\u021bia cazului \u00een care nu este altfel specificat. Orice Con\u021binut care const\u0103 \u00eentr-o marc\u0103, logo, sau marc\u0103 de serviciu reprezint\u0103 marc\u0103 \u00eenregistrat\u0103 \u0219i ne\u00eenregistrat\u0103 a societ\u0103\u021bii INDUSTRILIGHT SRL sau a altora. Este strict interzis\u0103 utilizarea oric\u0103rui Con\u021binut, cu excep\u021bia celor prev\u0103zute \u00een Condi\u021biile de Utilizare, f\u0103r\u0103 permisiunea \u00een scris a proprietarului \u201cCon\u021binutului\u201d. De asemenea, va inform\u0103m c\u0103 INDUSTRILIGHT SRL \u00ee\u0219i va asigura \u0219i impune \u00een mod hot\u0103r\u00e2t recunoa\u0219terea drepturilor de proprietate intelectual\u0103 \u00een conformitate cu legile \u00een vigoare, ajung\u00e2nd dac\u0103 este cazul la ac\u021bionarea celor vinova\u021bi de \u00eenc\u0103lcarea dreptului de proprietate intelectual\u0103 \u00een judecat\u0103 prin instan\u021bele penale.<\/p>\n<p><strong>3. Utilizarea site-ului<\/strong><\/p>\n<p>INDUSTRILIGHT SRL acord\u0103 permisiunea de a utiliza site-ul \u00een urm\u0103toarele condi\u021bii:<\/p>\n<ul>\n<li>Cu excep\u021bia imaginilor persoanelor din Site, pute\u021bi desc\u0103rca Con\u021binutul, \u00eens\u0103 doar pentru folosul personal \u0219i ne-comercial \u0219i cu condi\u021bia de a v\u0103 conforma cu informa\u021biile referitoare la dreptul de autor (copyright) \u0219i alte drepturi de proprietate intelectual\u0103 cuprinse \u00een Con\u021binut;<\/li>\n<li>Nu ave\u021bi permisiunea s\u0103 utiliza\u021bi imagini cu persoane sau locuri f\u0103r\u0103 acordul \u00een scris \u0219i prealabil al societ\u0103\u021bii\u00a0INDUSTRILIGHT\u00a0SRL;<\/li>\n<li>Nu ave\u021bi permisiunea s\u0103 distribui\u021bi, s\u0103 modifica\u021bi, s\u0103 copia\u021bi (cu excep\u021bia celor mai sus men\u021bionate), s\u0103 transmite\u021bi, s\u0103 expune\u021bi, s\u0103 refolosi\u021bi, s\u0103 reproduce\u021bi, s\u0103 publica\u021bi, s\u0103 autoriza\u021bi, s\u0103 acorda\u021bi o licen\u021b\u0103 de folosire, s\u0103 crea\u021bi lucr\u0103ri derivate din, sau s\u0103 transfera\u021bi, s\u0103 vinde\u021bi sau s\u0103 folosi\u021bi Con\u021binutul \u00een alt mod, f\u0103r\u0103 acordul \u00een scris \u0219i prealabil al societ\u0103\u021bii\u00a0INDUSTRILIGHT\u00a0SRL<\/li>\n<li>Este interzis s\u0103 folosi\u021bi Site-ul pentru a afi\u0219a sau transmite orice fel de material ce are caracter amenin\u021b\u0103tor, fals, \u00een\u0219el\u0103tor, abuziv, de h\u0103r\u021buire, licen\u021bios, calomniator, vulgar, obscen, scandalos, instigator, pornografic sau profanator, sau orice alt fel de material care poate constitui sau \u00eencuraja un comportament ce va putea da na\u0219tere unei infrac\u021biuni, sau ar putea conduce la r\u0103spundere civil\u0103, sau ar \u00eenc\u0103lca \u00een alt mod legea. Societatea\u00a0INDUSTRILIGHT\u00a0va coopera cu oricare dintre autorit\u0103\u021bile desemnate s\u0103 aplice legea \u0219i se va conforma cu orice sentin\u021b\u0103 judec\u0103toreasc\u0103 prin care se cere sau se ordon\u0103 societ\u0103\u021bii s\u0103 dezv\u0103luie identitatea oric\u0103rei persoane care ar afi\u0219a sau transmite orice fel de informa\u021bie sau material de acest fel pe sau prin intermediul Site-ului;<\/li>\n<li>Este interzis s\u0103 utiliza\u021bi Site-ul \u00een scop de publicitate sau pentru orice fel de cerere\/ofert\u0103 cu caracter comercial.<\/li>\n<\/ul>\n<p><strong>4. Confiden\u021bialitate<\/strong><\/p>\n<p>Pentru mai multe informa\u021bii cu privire la politica de confiden\u021bialitate \u0219i protec\u021bia datelor personale pe site-ul nostru, v\u0103 rug\u0103m s\u0103 citi\u021bi\u00a0<a href=\"https:\/\/www.growedu.ro\/privacy-policy\" target=\"_blank\" rel=\"noopener noreferrer\">sec\u021biunea<\/a>\u00a0dedicat\u0103 politicilor de confiden\u021bialitate \u0219i protec\u021bia datelor\u00a0personale.<\/p>\n<p><strong>5. Lipsa garan\u021biilor<\/strong><\/p>\n<p>\u00centreg con\u021binutul acestui site poate fi modificat \u0219i v\u0103 este oferit \u201cca atare\u201d f\u0103r\u0103 a se oferi nici o garan\u021bie de nici un fel, fie aceasta expres\u0103 sau implicit\u0103.<\/p>\n<p><strong>6. Exonerarea de R\u0103spundere<\/strong><\/p>\n<p>Utilizarea acestui site este \u00een totalitate pe contul dumneavoastr\u0103. Societatea INDUSTRILIGHT SRL sau orice alt\u0103 parte implicat\u0103 \u00een conceperea, producerea sau oferirea site-ului nu sunt r\u0103spunz\u0103toare pentru daune directe sau indirecte, de orice natur\u0103, ce ar rezulta din sau \u00een leg\u0103tur\u0103 cu utilizarea acestui site sau a con\u021binutului s\u0103u.<\/p>\n<p>Societatea INDUSTRILIGHT SRL nu \u00ee\u0219i asum\u0103 nici o responsabilitate \u0219i nu va fi r\u0103spunz\u0103toare pentru nici o daun\u0103 sau viru\u0219i care ar putea s\u0103 v\u0103 infecteze computerul sau alte bunuri \u00een urma acces\u0103rii sau utiliz\u0103rii acestui site, sau desc\u0103rc\u0103rii oric\u0103rui material, informa\u021bii, text, imagini video sau audio de pe acest site.<\/p>\n<p><strong>7. Link-uri pe site-urile unei ter\u021be p\u0103r\u0163i<\/strong><\/p>\n<p>Site-ul poate con\u0163ine link-uri c\u0103tre alte site-uri aflate \u00een proprietatea sau operate de ter\u021be persoane, alte dec\u00e2t\u00a0Societatea\u00a0INDUSTRILIGHT\u00a0SRL. Astfel de link-uri v\u0103 sunt furnizate pentru a le folosi numai dac\u0103 ve\u021bi dori.<\/p>\n<p>Societatea\u00a0INDUSTRILIGHT\u00a0SRL\u00a0nu controleaz\u0103 \u015fi nu este r\u0103spunz\u0103toare pentru con\u021binutul \u015fi condi\u021biile de confiden\u021bialitate sau securitate \u015fi de func\u021bionalitatea acestor site-uri. F\u0103r\u0103 a se limita la cele mai sus men\u0163ionate,\u00a0societatea\u00a0INDUSTRILIGHT\u00a0SRL\u00a0\u00ee\u015fi declin\u0103 \u00een mod special orice r\u0103spundere dac\u0103 aceste site-uri:<\/p>\n<ul>\n<li>\u00cencalc\u0103 drepturile de proprietate intelectual\u0103 ale unei ter\u021be p\u0103r\u0163i;<\/li>\n<li>Sunt inexacte, incomplete sau con\u021bin informa\u0163ii \u00een\u0219el\u0103toare;<\/li>\n<li>Nu au caracter comercial sau nu r\u0103spund \u00eendeplinirii unui anumit scop;<\/li>\n<li>Nu ofer\u0103 o securitate adecvat\u0103;<\/li>\n<li>Con\u021bin viru\u0219i sau alte elemente cu caracter distructiv; sau<\/li>\n<li>Sunt licen\u021bioase sau calomnioase.<\/li>\n<\/ul>\n<p>De asemenea,\u00a0societatea\u00a0INDUSTRILIGHT\u00a0SRL\u00a0nu autorizeaz\u0103 con\u021binutul sau orice alte produse \u015fi servicii prev\u0103zute pe astfel de site-uri. Dac\u0103 intra\u021bi printr-un link pe astfel de site-uri sau pe acest site, v\u0103 asuma\u021bi personal riscul, f\u0103r\u0103 a exista \u00een acest sens permisiunea\u00a0INDUSTRILIGHT\u00a0SRL.<\/p>\n<p><strong>8. Utilizare cookie-uri<\/strong><\/p>\n<p>Pentru mai multe informa\u021bii cu privire la fi\u0219ierele cookies pe care le utiliz\u0103m, v\u0103 rug\u0103m s\u0103 accesa\u021bi sec\u021biunii dedicate politicii de cookies.<\/p>\n<p><strong>9. Revizuiri ale acestor Condi\u021bii de Utilizare<\/strong><\/p>\n<p>INDUSTRILIGHT SRL poate, \u00een orice moment \u015fi f\u0103r\u0103 notificare prealabil\u0103, s\u0103 revizuiasc\u0103 aceste Condi\u021bii de Utilizare prin actualizarea acestora. Sunte\u021bi obligat s\u0103 respecta\u021bi oricare \u015fi toate astfel de revizuiri \u015fi de aceea va trebui s\u0103 vizita\u021bi aceast\u0103 pagin\u0103 a site-ului nostru \u00een mod periodic pentru a lua la cuno\u0219tin\u021ba Condi\u021biile de Utilizare actualizate.<\/p>\n<p>Este interzis\u0103 utilizarea acestui site pentru a posta sau transmite orice fel de material ilegal, de amenin\u021bare, fals, \u00een\u0219el\u0103tor, abuziv, de h\u00e2r\u021buire, def\u0103im\u0103tor, vulgar, obscen, scandalos, incendiar, pornografic, profan sau orice alt material care ar putea constitui sau \u00eencuraja un comportament care ar putea fi considerat criminal, poate da na\u015ftere responsabilit\u0103\u021bii civile sau viola orice lege. Societatea va coopera deplin cu orice autorit\u0103\u021bi care aplic\u0103 legea sau orice ordin judiciar care solicit\u0103 sau ordon\u0103 companiei s\u0103 dest\u0103inuie identitatea persoanelor care posteaz\u0103 sau transmit astfel de informa\u0163ii sau materiale;<\/p>\n<p>Totodat\u0103, sunte\u021bi de acord ca Societatea INDUSTRILIGHT SRL, la alegerea sa, s\u0103 \u00eenceteze sau s\u0103 \u00eentrerup\u0103 utilizarea de c\u0103tre dvs. a site-ului \u00een caz de nerespectare a Termenilor de Utilizare.<\/p>\n<p>\u00cen momentul suspend\u0103rii sau \u00eencet\u0103rii respective, dumneavoastr\u0103 trebuie<\/p>\n<p>(a) s\u0103 \u00eenceta\u021bi utilizarea site-ului \u015fi<\/p>\n<p>(b) s\u0103 distruge\u021bi orice copii f\u0103cute de pe orice parte a con\u021binutului s\u0103u.<\/p>\n<p>Sunte\u021bi de acord de a nu considera INDUSTRILIGHT SRL r\u0103spunz\u0103toare pentru daunele, costurile, r\u0103spunderile, cheltuielile \u015fi sumele pentru \u00een\u021belegerile legate de orice proces, preten\u021bie sau ac\u021biune depus\u0103 de c\u0103tre un ter\u021b \u00eempotriva INDUSTRILIGHT SRL drept rezultat al<\/p>\n<p>(a) neglijen\u021bei, proastei reprezent\u0103ri, erori sau omitere din partea dvs. sau<\/p>\n<p>(b) \u00eenc\u0103lc\u0103rii din partea dvs. a Termenilor de Utilizare \u015fi a legilor sau regulamentelor de aplicare.<\/p>\n<p>Utiliza\u021bi acest site pe propria responsabilitate. Societatea INDUSTRILIGHT SRL, nici afilia\u021bii, directorii sau managerii, nici agen\u021bii s\u0103i sau ter\u021bii implica\u021bi \u00een crearea, producerea sau livrarea site-ului nu sunt responsabili pentru daunele directe, indirecte, punitive, incidentale, speciale, logice sau alte daune legate de utilizarea acestui site sau a con\u021binutului indiferent dac\u0103 se realizeaz\u0103 pe baza unui contract, responsabilitate strict\u0103 sau alt\u0103 modalitate, chiar cu avertizarea privind posibilitatea unor astfel de daune.<\/p>\n<p>10. Legisla\u021bie aplicabil\u0103 \u0219i jurisdic\u021bie<\/p>\n<p>Aceste Condi\u021bii de Utilizare \u015fi utilizarea acestui site sunt guvernate de legile din Rom\u00e2nia. Instan\u021bele competente din Rom\u00e2nia de la sediul\u00a0INDUSTRILIGHT\u00a0SRL\u00a0vor avea jurisdic\u021bie exclusiv\u0103 asupra oric\u0103ror \u015fi tuturor disputelor ce vor ap\u0103rea din sau se vor referi la sau vor fi \u00een leg\u0103tur\u0103 cu prevederile Condi\u021biilor de Utilizare \u015fi\/sau Con\u021binutul site-ului sau \u00een cazul disputelor \u00een care aceste Condi\u021bii de Utilizare \u015fi\/sau acest site vor fi considerate fapte relevante pentru astfel de dispute.<\/p>\n<p>Datele noastre complete sunt:<\/p>\n<p>Denumirea complet\u0103:\u00a0INDUSTRILIGHT\u00a0SRL<\/p>\n<p>Cod fiscal: 41206475<\/p>\n<p>Adresa de e-mail:\u00a0<a href=\"mailto:sales@svtlight.ro\">sales@svtlight.ro<\/a><\/p>\n<p>Adresa po\u0219tal\u0103: T\u00e2rgu Mure\u0219, 540331 \u2013 Rom\u00e2nia str. Br\u0103ila nr.9<\/p>\n<p>Telefon: +40-365-809305<\/p>\n<\/div>\n<\/div>\n<\/div>\n<\/div>\n<\/div>\n<\/div>\n<\/div>\n<\/div>\n<\/section>\n","protected":false},"excerpt":{"rendered":"<p>1. Prin utilizarea acestui site, sunte\u021bi de acord cu aceste condi\u021bii de utilizare. Accesul \u0219i utilizarea acestui Site sunt supuse urm\u0103toarelor condi\u021bii de utilizare \u0219i tuturor legilor \u0219i regulamentelor aplicabile.\u2026<\/p>\n","protected":false},"author":1,"featured_media":0,"parent":2,"menu_order":0,"comment_status":"closed","ping_status":"closed","template":"","meta":[],"acf":[],"yoast_head":"<!-- This site is optimized with the Yoast SEO plugin v19.6.1 - https:\/\/yoast.com\/wordpress\/plugins\/seo\/ -->\n<title>Termeni \u0219i condi\u021bii - SVT Light<\/title>\n<meta name=\"robots\" content=\"noindex, follow, max-snippet:-1, max-image-preview:large, max-video-preview:-1\" \/>\n<meta property=\"og:locale\" content=\"en_US\" \/>\n<meta property=\"og:type\" content=\"article\" \/>\n<meta property=\"og:title\" content=\"Termeni \u0219i condi\u021bii - SVT Light\" \/>\n<meta property=\"og:description\" content=\"1. Prin utilizarea acestui site, sunte\u021bi de acord cu aceste condi\u021bii de utilizare. Accesul \u0219i utilizarea acestui Site sunt supuse urm\u0103toarelor condi\u021bii de utilizare \u0219i tuturor legilor \u0219i regulamentelor aplicabile.\u2026\" \/>\n<meta property=\"og:url\" content=\"https:\/\/svt.ro\/svtlight\/ro\/termeni-si-conditii\/\" \/>\n<meta property=\"og:site_name\" content=\"SVT Light\" \/>\n<meta property=\"article:modified_time\" content=\"2021-10-13T05:35:34+00:00\" \/>\n<meta name=\"twitter:card\" content=\"summary_large_image\" \/>\n<meta name=\"twitter:label1\" content=\"Est. reading time\" \/>\n\t<meta name=\"twitter:data1\" content=\"6 minutes\" \/>\n<script type=\"application\/ld+json\" class=\"yoast-schema-graph\">{\"@context\":\"https:\/\/schema.org\",\"@graph\":[{\"@type\":\"WebPage\",\"@id\":\"https:\/\/svt.ro\/svtlight\/ro\/termeni-si-conditii\/\",\"url\":\"https:\/\/svt.ro\/svtlight\/ro\/termeni-si-conditii\/\",\"name\":\"Termeni \u0219i condi\u021bii - SVT Light\",\"isPartOf\":{\"@id\":\"https:\/\/svt.ro\/svtlight\/#website\"},\"datePublished\":\"2021-10-07T12:43:24+00:00\",\"dateModified\":\"2021-10-13T05:35:34+00:00\",\"breadcrumb\":{\"@id\":\"https:\/\/svt.ro\/svtlight\/ro\/termeni-si-conditii\/#breadcrumb\"},\"inLanguage\":\"en-US\",\"potentialAction\":[{\"@type\":\"ReadAction\",\"target\":[\"https:\/\/svt.ro\/svtlight\/ro\/termeni-si-conditii\/\"]}]},{\"@type\":\"BreadcrumbList\",\"@id\":\"https:\/\/svt.ro\/svtlight\/ro\/termeni-si-conditii\/#breadcrumb\",\"itemListElement\":[{\"@type\":\"ListItem\",\"position\":1,\"name\":\"Home\",\"item\":\"https:\/\/svt.ro\/svtlight\/\"},{\"@type\":\"ListItem\",\"position\":2,\"name\":\"Pagina de Start\",\"item\":\"https:\/\/svt.ro\/svtlight\/\"},{\"@type\":\"ListItem\",\"position\":3,\"name\":\"Termeni \u0219i condi\u021bii\"}]},{\"@type\":\"WebSite\",\"@id\":\"https:\/\/svt.ro\/svtlight\/#website\",\"url\":\"https:\/\/svt.ro\/svtlight\/\",\"name\":\"SVT Light\",\"description\":\"\",\"potentialAction\":[{\"@type\":\"SearchAction\",\"target\":{\"@type\":\"EntryPoint\",\"urlTemplate\":\"https:\/\/svt.ro\/svtlight\/?s={search_term_string}\"},\"query-input\":\"required name=search_term_string\"}],\"inLanguage\":\"en-US\"}]}<\/script>\n<!-- \/ Yoast SEO plugin. -->","yoast_head_json":{"title":"Termeni \u0219i condi\u021bii - SVT Light","robots":{"index":"noindex","follow":"follow","max-snippet":"max-snippet:-1","max-image-preview":"max-image-preview:large","max-video-preview":"max-video-preview:-1"},"og_locale":"en_US","og_type":"article","og_title":"Termeni \u0219i condi\u021bii - SVT Light","og_description":"1. Prin utilizarea acestui site, sunte\u021bi de acord cu aceste condi\u021bii de utilizare. Accesul \u0219i utilizarea acestui Site sunt supuse urm\u0103toarelor condi\u021bii de utilizare \u0219i tuturor legilor \u0219i regulamentelor aplicabile.\u2026","og_url":"https:\/\/svt.ro\/svtlight\/ro\/termeni-si-conditii\/","og_site_name":"SVT Light","article_modified_time":"2021-10-13T05:35:34+00:00","twitter_card":"summary_large_image","twitter_misc":{"Est. reading time":"6 minutes"},"schema":{"@context":"https:\/\/schema.org","@graph":[{"@type":"WebPage","@id":"https:\/\/svt.ro\/svtlight\/ro\/termeni-si-conditii\/","url":"https:\/\/svt.ro\/svtlight\/ro\/termeni-si-conditii\/","name":"Termeni \u0219i condi\u021bii - SVT Light","isPartOf":{"@id":"https:\/\/svt.ro\/svtlight\/#website"},"datePublished":"2021-10-07T12:43:24+00:00","dateModified":"2021-10-13T05:35:34+00:00","breadcrumb":{"@id":"https:\/\/svt.ro\/svtlight\/ro\/termeni-si-conditii\/#breadcrumb"},"inLanguage":"en-US","potentialAction":[{"@type":"ReadAction","target":["https:\/\/svt.ro\/svtlight\/ro\/termeni-si-conditii\/"]}]},{"@type":"BreadcrumbList","@id":"https:\/\/svt.ro\/svtlight\/ro\/termeni-si-conditii\/#breadcrumb","itemListElement":[{"@type":"ListItem","position":1,"name":"Home","item":"https:\/\/svt.ro\/svtlight\/"},{"@type":"ListItem","position":2,"name":"Pagina de Start","item":"https:\/\/svt.ro\/svtlight\/"},{"@type":"ListItem","position":3,"name":"Termeni \u0219i condi\u021bii"}]},{"@type":"WebSite","@id":"https:\/\/svt.ro\/svtlight\/#website","url":"https:\/\/svt.ro\/svtlight\/","name":"SVT Light","description":"","potentialAction":[{"@type":"SearchAction","target":{"@type":"EntryPoint","urlTemplate":"https:\/\/svt.ro\/svtlight\/?s={search_term_string}"},"query-input":"required name=search_term_string"}],"inLanguage":"en-US"}]}},"_links":{"self":[{"href":"https:\/\/svt.ro\/svtlight\/wp-json\/wp\/v2\/pages\/134"}],"collection":[{"href":"https:\/\/svt.ro\/svtlight\/wp-json\/wp\/v2\/pages"}],"about":[{"href":"https:\/\/svt.ro\/svtlight\/wp-json\/wp\/v2\/types\/page"}],"author":[{"embeddable":true,"href":"https:\/\/svt.ro\/svtlight\/wp-json\/wp\/v2\/users\/1"}],"replies":[{"embeddable":true,"href":"https:\/\/svt.ro\/svtlight\/wp-json\/wp\/v2\/comments?post=134"}],"version-history":[{"count":3,"href":"https:\/\/svt.ro\/svtlight\/wp-json\/wp\/v2\/pages\/134\/revisions"}],"predecessor-version":[{"id":213,"href":"https:\/\/svt.ro\/svtlight\/wp-json\/wp\/v2\/pages\/134\/revisions\/213"}],"up":[{"embeddable":true,"href":"https:\/\/svt.ro\/svtlight\/wp-json\/wp\/v2\/pages\/2"}],"wp:attachment":[{"href":"https:\/\/svt.ro\/svtlight\/wp-json\/wp\/v2\/media?parent=134"}],"curies":[{"name":"wp","href":"https:\/\/api.w.org\/{rel}","templated":true}]}}