{"id":575,"date":"2021-06-07T08:38:26","date_gmt":"2021-06-07T05:38:26","guid":{"rendered":"https:\/\/svt.ro\/optimoo\/?page_id=575"},"modified":"2021-06-17T16:22:32","modified_gmt":"2021-06-17T13:22:32","slug":"kerj-egy-demo-t","status":"publish","type":"page","link":"https:\/\/svt.ro\/optimoo\/hu\/kerj-egy-demo-t\/","title":{"rendered":"K\u00e9rj egy Demo-t!"},"content":{"rendered":"<p><strong>Mi a Lorem Ipsum?<\/strong><br \/>\nA Lorem Ipsum egy egyszer\u00fb sz\u00f6vegr\u00e9szlete, sz\u00f6vegut\u00e1nzata a bet\u00fbszed\u00f5 \u00e9s nyomdaiparnak. A Lorem Ipsum az 1500-as \u00e9vek \u00f3ta standard sz\u00f6vegr\u00e9szletk\u00e9nt szolg\u00e1lt az iparban; mikor egy ismeretlen nyomd\u00e1sz \u00f6ssze\u00e1ll\u00edtotta a bet\u00fbk\u00e9szlet\u00e9t \u00e9s egy p\u00e9lda-k\u00f6nyvet vagy sz\u00f6veget nyomott pap\u00edrra, ezt haszn\u00e1lta. Nem csak 5 \u00e9vsz\u00e1zadot \u00e9lt t\u00fal, de az elektronikus bet\u00fbk\u00e9szletekn\u00e9l is v\u00e1ltozatlanul megmaradt. Az 1960-as \u00e9vekben n\u00e9pszer\u00fbs\u00edtett\u00e9k a Lorem Ipsum r\u00e9szleteket magukbafoglal\u00f3 Letraset lapokkal, \u00e9s legut\u00f3bb softwarekkel mint p\u00e9ld\u00e1ul az Aldus Pagemaker.<\/p>\n<p><strong>Mi\u00e9rt haszn\u00e1ljuk?<\/strong><br \/>\nEz egy r\u00e9g\u00f3ta elfogadott t\u00e9ny, miszerint egy olvas\u00f3t zavarja az olvashat\u00f3 sz\u00f6veg mik\u00f6zben a sz\u00f6veg elrendez\u00e9s\u00e9t n\u00e9zi. A Lorem Ipsum haszn\u00e1lat\u00e1nak l\u00e9nyege, hogy t\u00f6bb\u00e9-kev\u00e9sb\u00e9 rendezettebb bet\u00fbket tartalmaz, ellent\u00e9tben a Tartalom helye, Tartalom helye-f\u00e9le megold\u00e1ssal. Sok desktop szerkeszt\u00f5 \u00e9s weboldal szerkeszt\u00f5 haszn\u00e1lja a Lorem Ipsum-ot mint alapbe\u00e1ll\u00edt\u00e1s\u00fa sz\u00f6vegmodellt, \u00e9s egy keres\u00e9s a lorem ipsum-ra sok f\u00e9lk\u00e9sz weboldalt fog eredm\u00e9nyezni.<\/p>\n<div role=\"form\" class=\"wpcf7\" id=\"wpcf7-f585-o1\" lang=\"hu-HU\" dir=\"ltr\">\n<div class=\"screen-reader-response\">\n<p role=\"status\" aria-live=\"polite\" aria-atomic=\"true\">\n<ul><\/ul>\n<\/div>\n<form action=\"\/optimoo\/wp-json\/wp\/v2\/pages\/575#wpcf7-f585-o1\" method=\"post\" class=\"wpcf7-form init\" novalidate=\"novalidate\" data-status=\"init\">\n<div style=\"display: none;\">\n<input type=\"hidden\" name=\"_wpcf7\" value=\"585\" \/><br \/>\n<input type=\"hidden\" name=\"_wpcf7_version\" value=\"5.6.3\" \/><br \/>\n<input type=\"hidden\" name=\"_wpcf7_locale\" value=\"hu_HU\" \/><br \/>\n<input type=\"hidden\" name=\"_wpcf7_unit_tag\" value=\"wpcf7-f585-o1\" \/><br \/>\n<input type=\"hidden\" name=\"_wpcf7_container_post\" value=\"0\" \/><br \/>\n<input type=\"hidden\" name=\"_wpcf7_posted_data_hash\" value=\"\" \/><br \/>\n<input type=\"hidden\" name=\"_wpcf7cf_hidden_group_fields\" value=\"[]\" \/><br \/>\n<input type=\"hidden\" name=\"_wpcf7cf_hidden_groups\" value=\"[]\" \/><br \/>\n<input type=\"hidden\" name=\"_wpcf7cf_visible_groups\" value=\"[]\" \/><br \/>\n<input type=\"hidden\" name=\"_wpcf7cf_repeaters\" value=\"[]\" \/><br \/>\n<input type=\"hidden\" name=\"_wpcf7cf_steps\" value=\"{}\" \/><br \/>\n<input type=\"hidden\" name=\"_wpcf7cf_options\" value=\"{&quot;form_id&quot;:585,&quot;conditions&quot;:[],&quot;settings&quot;:{&quot;animation&quot;:&quot;yes&quot;,&quot;animation_intime&quot;:200,&quot;animation_outtime&quot;:200,&quot;conditions_ui&quot;:&quot;normal&quot;,&quot;notice_dismissed&quot;:false,&quot;notice_dismissed_rollback-cf7-5.4&quot;:true}}\" \/><br \/>\n<input type=\"hidden\" name=\"_wpcf7_recaptcha_response\" value=\"\" \/>\n<\/div>\n<div class=\"wpcf7-response-output\" aria-hidden=\"true\"><\/div>\n<div class=\"row\">\n<label class=\"col size-1-2 field-wrap\"><span>N\u00e9v *<\/span><span class=\"wpcf7-form-control-wrap\" data-name=\"full_name\"><input type=\"text\" name=\"full_name\" value=\"\" size=\"40\" class=\"wpcf7-form-control wpcf7-text wpcf7-validates-as-required field\" id=\"field-full_name\" aria-required=\"true\" aria-invalid=\"false\" \/><\/span><\/label><br \/>\n<label class=\"col size-1-2 field-wrap\"><span>C\u00e9g*<\/span><span class=\"wpcf7-form-control-wrap\" data-name=\"company_name\"><input type=\"text\" name=\"company_name\" value=\"\" size=\"40\" class=\"wpcf7-form-control wpcf7-text wpcf7-validates-as-required field\" id=\"field-company_name\" aria-required=\"true\" aria-invalid=\"false\" \/><\/span><\/label>\n<\/div>\n<div class=\"row\">\n<label class=\"col size-1-2 field-wrap\"><span>Telefonsz\u00e1m *<\/span><span class=\"wpcf7-form-control-wrap\" data-name=\"phone_number\"><input type=\"tel\" name=\"phone_number\" value=\"\" size=\"40\" class=\"wpcf7-form-control wpcf7-text wpcf7-tel wpcf7-validates-as-required wpcf7-validates-as-tel field\" id=\"field-phone_number\" aria-required=\"true\" aria-invalid=\"false\" \/><\/span><\/label><br \/>\n<label class=\"col size-1-2 field-wrap\"><span>Email *<\/span><span class=\"wpcf7-form-control-wrap\" data-name=\"email_address\"><input type=\"email\" name=\"email_address\" value=\"\" size=\"40\" class=\"wpcf7-form-control wpcf7-text wpcf7-email wpcf7-validates-as-required wpcf7-validates-as-email field\" id=\"field-email_address\" aria-required=\"true\" aria-invalid=\"false\" \/><\/span><\/label>\n<\/div>\n<div class=\"row\">\n<label class=\"col size-1-1 field-wrap\"><span>\u00dczenet<\/span><span class=\"wpcf7-form-control-wrap\" data-name=\"message_content\"><textarea name=\"message_content\" cols=\"40\" rows=\"10\" class=\"wpcf7-form-control wpcf7-textarea field\" id=\"field-message_content\" aria-invalid=\"false\"><\/textarea><\/span><\/label>\n<\/div>\n<div class=\"row\">\n<label class=\"col size-1-1 field-wrap\"><span class=\"wpcf7-form-control-wrap\" data-name=\"accept_terms\"><span class=\"wpcf7-form-control wpcf7-acceptance\"><span class=\"wpcf7-list-item\"><label><input type=\"checkbox\" name=\"accept_terms\" value=\"1\" aria-invalid=\"false\" \/><span class=\"wpcf7-list-item-label\">Elolvastam \u00e9s elfogadom az oldal <a href=\"https:\/\/svt.ro\/optimoo\/hu\/adatvedelmi-iranyelvek\/\" target=\"_blank\">Adatv\u00e9delmi ir\u00e1nyelveit<\/a><\/span><\/label><\/span><\/span><\/span><\/label>\n<\/div>\n<div class=\"row\">\n<div class=\"col size-1-2 bottom\">A *-al jel\u00f6lt mez\u0151k k\u00f6telez\u0151k.<\/div>\n<div class=\"col size-1-2 bottom clear-content\"><input type=\"submit\" value=\"Elkuld\u00e9s\" class=\"wpcf7-form-control has-spinner wpcf7-submit action floatright\" id=\"action-submit\" \/><\/div>\n<\/div>\n<\/form>\n<\/div>\n","protected":false},"excerpt":{"rendered":"<p>Mi a Lorem Ipsum? A Lorem Ipsum egy egyszer\u00fb sz\u00f6vegr\u00e9szlete, sz\u00f6vegut\u00e1nzata a bet\u00fbszed\u00f5 \u00e9s nyomdaiparnak. A Lorem Ipsum az 1500-as \u00e9vek \u00f3ta standard sz\u00f6vegr\u00e9szletk\u00e9nt szolg\u00e1lt az iparban; mikor egy ismeretlen\u2026<\/p>\n","protected":false},"author":1,"featured_media":0,"parent":31,"menu_order":0,"comment_status":"closed","ping_status":"closed","template":"","meta":[],"acf":[],"yoast_head":"<!-- This site is optimized with the Yoast SEO plugin v19.6.1 - https:\/\/yoast.com\/wordpress\/plugins\/seo\/ -->\n<title>K\u00e9rj egy Demo-t! - Optimoo<\/title>\n<meta name=\"robots\" content=\"noindex, follow, max-snippet:-1, max-image-preview:large, max-video-preview:-1\" \/>\n<meta property=\"og:locale\" content=\"en_GB\" \/>\n<meta property=\"og:type\" content=\"article\" \/>\n<meta property=\"og:title\" content=\"K\u00e9rj egy Demo-t! - Optimoo\" \/>\n<meta property=\"og:description\" content=\"Mi a Lorem Ipsum? A Lorem Ipsum egy egyszer\u00fb sz\u00f6vegr\u00e9szlete, sz\u00f6vegut\u00e1nzata a bet\u00fbszed\u00f5 \u00e9s nyomdaiparnak. A Lorem Ipsum az 1500-as \u00e9vek \u00f3ta standard sz\u00f6vegr\u00e9szletk\u00e9nt szolg\u00e1lt az iparban; mikor egy ismeretlen\u2026\" \/>\n<meta property=\"og:url\" content=\"https:\/\/svt.ro\/optimoo\/hu\/kerj-egy-demo-t\/\" \/>\n<meta property=\"og:site_name\" content=\"Optimoo\" \/>\n<meta property=\"article:modified_time\" content=\"2021-06-17T13:22:32+00:00\" \/>\n<meta name=\"twitter:card\" content=\"summary_large_image\" \/>\n<meta name=\"twitter:label1\" content=\"Estimated reading time\" \/>\n\t<meta name=\"twitter:data1\" content=\"1 minute\" \/>\n<script type=\"application\/ld+json\" class=\"yoast-schema-graph\">{\"@context\":\"https:\/\/schema.org\",\"@graph\":[{\"@type\":\"WebPage\",\"@id\":\"https:\/\/svt.ro\/optimoo\/hu\/kerj-egy-demo-t\/\",\"url\":\"https:\/\/svt.ro\/optimoo\/hu\/kerj-egy-demo-t\/\",\"name\":\"K\u00e9rj egy Demo-t! - Optimoo\",\"isPartOf\":{\"@id\":\"https:\/\/svt.ro\/optimoo\/#website\"},\"datePublished\":\"2021-06-07T05:38:26+00:00\",\"dateModified\":\"2021-06-17T13:22:32+00:00\",\"breadcrumb\":{\"@id\":\"https:\/\/svt.ro\/optimoo\/hu\/kerj-egy-demo-t\/#breadcrumb\"},\"inLanguage\":\"en-GB\",\"potentialAction\":[{\"@type\":\"ReadAction\",\"target\":[\"https:\/\/svt.ro\/optimoo\/hu\/kerj-egy-demo-t\/\"]}]},{\"@type\":\"BreadcrumbList\",\"@id\":\"https:\/\/svt.ro\/optimoo\/hu\/kerj-egy-demo-t\/#breadcrumb\",\"itemListElement\":[{\"@type\":\"ListItem\",\"position\":1,\"name\":\"Home\",\"item\":\"https:\/\/svt.ro\/optimoo\/\"},{\"@type\":\"ListItem\",\"position\":2,\"name\":\"F\u0151oldal\",\"item\":\"https:\/\/svt.ro\/optimoo\/hu\/\"},{\"@type\":\"ListItem\",\"position\":3,\"name\":\"K\u00e9rj egy Demo-t!\"}]},{\"@type\":\"WebSite\",\"@id\":\"https:\/\/svt.ro\/optimoo\/#website\",\"url\":\"https:\/\/svt.ro\/optimoo\/\",\"name\":\"Optimoo\",\"description\":\"\",\"potentialAction\":[{\"@type\":\"SearchAction\",\"target\":{\"@type\":\"EntryPoint\",\"urlTemplate\":\"https:\/\/svt.ro\/optimoo\/?s={search_term_string}\"},\"query-input\":\"required name=search_term_string\"}],\"inLanguage\":\"en-GB\"}]}<\/script>\n<!-- \/ Yoast SEO plugin. -->","yoast_head_json":{"title":"K\u00e9rj egy Demo-t! - Optimoo","robots":{"index":"noindex","follow":"follow","max-snippet":"max-snippet:-1","max-image-preview":"max-image-preview:large","max-video-preview":"max-video-preview:-1"},"og_locale":"en_GB","og_type":"article","og_title":"K\u00e9rj egy Demo-t! - Optimoo","og_description":"Mi a Lorem Ipsum? A Lorem Ipsum egy egyszer\u00fb sz\u00f6vegr\u00e9szlete, sz\u00f6vegut\u00e1nzata a bet\u00fbszed\u00f5 \u00e9s nyomdaiparnak. A Lorem Ipsum az 1500-as \u00e9vek \u00f3ta standard sz\u00f6vegr\u00e9szletk\u00e9nt szolg\u00e1lt az iparban; mikor egy ismeretlen\u2026","og_url":"https:\/\/svt.ro\/optimoo\/hu\/kerj-egy-demo-t\/","og_site_name":"Optimoo","article_modified_time":"2021-06-17T13:22:32+00:00","twitter_card":"summary_large_image","twitter_misc":{"Estimated reading time":"1 minute"},"schema":{"@context":"https:\/\/schema.org","@graph":[{"@type":"WebPage","@id":"https:\/\/svt.ro\/optimoo\/hu\/kerj-egy-demo-t\/","url":"https:\/\/svt.ro\/optimoo\/hu\/kerj-egy-demo-t\/","name":"K\u00e9rj egy Demo-t! - Optimoo","isPartOf":{"@id":"https:\/\/svt.ro\/optimoo\/#website"},"datePublished":"2021-06-07T05:38:26+00:00","dateModified":"2021-06-17T13:22:32+00:00","breadcrumb":{"@id":"https:\/\/svt.ro\/optimoo\/hu\/kerj-egy-demo-t\/#breadcrumb"},"inLanguage":"en-GB","potentialAction":[{"@type":"ReadAction","target":["https:\/\/svt.ro\/optimoo\/hu\/kerj-egy-demo-t\/"]}]},{"@type":"BreadcrumbList","@id":"https:\/\/svt.ro\/optimoo\/hu\/kerj-egy-demo-t\/#breadcrumb","itemListElement":[{"@type":"ListItem","position":1,"name":"Home","item":"https:\/\/svt.ro\/optimoo\/"},{"@type":"ListItem","position":2,"name":"F\u0151oldal","item":"https:\/\/svt.ro\/optimoo\/hu\/"},{"@type":"ListItem","position":3,"name":"K\u00e9rj egy Demo-t!"}]},{"@type":"WebSite","@id":"https:\/\/svt.ro\/optimoo\/#website","url":"https:\/\/svt.ro\/optimoo\/","name":"Optimoo","description":"","potentialAction":[{"@type":"SearchAction","target":{"@type":"EntryPoint","urlTemplate":"https:\/\/svt.ro\/optimoo\/?s={search_term_string}"},"query-input":"required name=search_term_string"}],"inLanguage":"en-GB"}]}},"_links":{"self":[{"href":"https:\/\/svt.ro\/optimoo\/wp-json\/wp\/v2\/pages\/575"}],"collection":[{"href":"https:\/\/svt.ro\/optimoo\/wp-json\/wp\/v2\/pages"}],"about":[{"href":"https:\/\/svt.ro\/optimoo\/wp-json\/wp\/v2\/types\/page"}],"author":[{"embeddable":true,"href":"https:\/\/svt.ro\/optimoo\/wp-json\/wp\/v2\/users\/1"}],"replies":[{"embeddable":true,"href":"https:\/\/svt.ro\/optimoo\/wp-json\/wp\/v2\/comments?post=575"}],"version-history":[{"count":4,"href":"https:\/\/svt.ro\/optimoo\/wp-json\/wp\/v2\/pages\/575\/revisions"}],"predecessor-version":[{"id":1006,"href":"https:\/\/svt.ro\/optimoo\/wp-json\/wp\/v2\/pages\/575\/revisions\/1006"}],"up":[{"embeddable":true,"href":"https:\/\/svt.ro\/optimoo\/wp-json\/wp\/v2\/pages\/31"}],"wp:attachment":[{"href":"https:\/\/svt.ro\/optimoo\/wp-json\/wp\/v2\/media?parent=575"}],"curies":[{"name":"wp","href":"https:\/\/api.w.org\/{rel}","templated":true}]}}